2 - 120*p + 209. Calculate o(-122).
-35
Let f(l) = -223*l - 207. Give f(-1).
16
Let q(x) = x**2 - 34*x + 153. Give q(33).
120
Let b(n) = -29*n**2 + 134*n - 23. Determine b(5).
-78
Let v(c) = -14*c + 1378. What is v(77)?
300
Let f(y) = -y**3 + 31*y**2 - 65*y + 2. What is f(29)?
-201
Let o(r) = -r**3 + 50*r**2 - 365*r + 4. Give o(41).
168
Let g(x) = 28*x - 1524. Calculate g(55).
16
Let m(p) = 21*p + 74. Calculate m(-27).
-493
Let x(q) = 3*q**3 + 80*q**2 - 14*q + 353. Give x(-27).
2
Let z(d) = d**3 - 7*d**2 + 5*d + 81. What is z(4)?
53
Let y(n) = -8*n + 14. Give y(-12).
110
Let f(k) = -1679*k - 67155. Give f(-40).
5
Let j(u) = 1464*u - 1450. Determine j(1).
14
Let j(n) = -n**3 - 13*n**2 - 12*n - 11. Determine j(-12).
-11
Let f(g) = -126*g - 599. What is f(-5)?
31
Let a(j) = 2*j**2 - 155*j - 2363. Determine a(-13).
-10
Let d(w) = -859*w + 15389. What is d(18)?
-73
Let t(f) = -42*f + 340. Determine t(7).
46
Let i(w) = -2*w**2 + 51*w + 2320. Calculate i(49).
17
Let o(c) = -60*c - 1127. What is o(-19)?
13
Let a(f) = -4*f**2 + 10*f - 45. Calculate a(8).
-221
Let j(o) = -o**2 - 8*o + 264. Determine j(-26).
-204
Let t(b) = b**2 + 43*b + 218. What is t(-43)?
218
Let k(z) = -6*z**2 + 43*z - 10. Determine k(7).
-3
Let c(r) = -105*r + 3775. What is c(36)?
-5
Let f(d) = -d**2 - 11*d + 578. What is f(19)?
8
Let m(j) = -7*j**2 + 51*j + 93. Determine m(-5).
-337
Let g(i) = 20*i + 518. Determine g(-31).
-102
Let p(q) = q**2 + 6*q + 5. Determine p(-3).
-4
Let r(c) = -60*c - 36. Calculate r(-3).
144
Let p(b) = -36*b + 343. Determine p(11).
-53
Let l(o) = 14*o + 182. What is l(-16)?
-42
Let v(p) = -245*p + 1713. What is v(7)?
-2
Let o(c) = 11*c**3 - c**2 - 11*c + 21. Determine o(2).
83
Let n(s) = -s**3 - 11*s**2 + 197*s + 125. Determine n(10).
-5
Let z(l) = -l**3 - 31*l**2 + 35*l + 48. Determine z(-32).
-48
Let l(j) = -j**3 - 10*j**2 + 5*j + 11. Calculate l(-5).
-139
Let m(q) = -4*q**2 + 137*q + 87. What is m(35)?
-18
Let d(i) = 104*i + 205. Determine d(-6).
-419
Let t(d) = 383*d + 4221. What is t(-11)?
8
Let j(a) = -3*a**3 + 295*a**2 + 196*a + 218. Determine j(99).
20
Let q(f) = f**3 + 13*f**2 - 13*f - 31. What is q(-14)?
-45
Let c(w) = w**3 - 3*w**2 - 12*w + 31. Determine c(4).
-1
Let g(q) = -46*q**3 + q**2 - 4*q - 3. Calculate g(-1).
48
Let x(m) = -m**3 - 60*m**2 + 35*m + 5572. Give x(-59).
26
Let p(n) = 8*n**2 + 803*n + 805. Give p(-1).
10
Let f(k) = 629*k + 4887. Determine f(-8).
-145
Let j(p) = -p**2 + 17*p + 3224. Give j(-49).
-10
Let s(z) = z**3 - 10*z**2 - 57*z + 491. Calculate s(9).
-103
Let b(a) = -23*a**3 - 252*a**2 + 8*a - 11. Determine b(-11).
22
Let f(v) = 3*v - 203. Calculate f(-11).
-236
Let t(k) = k**3 + 34*k**2 - 389*k - 79. What is t(-43)?
7
Let w(r) = -4*r**2 - 747*r - 2011. Give w(-184).
13
Let l(g) = -6*g + 143. Determine l(-8).
191
Let v(t) = t**2 + 18*t + 123. Give v(-8).
43
Let d(l) = -30*l - 277. What is d(-10)?
23
Let y(n) = 262*n - 531. Calculate y(2).
-7
Let v(k) = -35*k**2 + 154*k - 151. Calculate v(1).
-32
Let z(b) = 17*b**2 + 72*b + 9. Determine z(-4).
-7
Let v(a) = a**2 - 25*a + 35. Determine v(24).
11
Let n(k) = -21*k**2 - 1092*k + 45. Give n(-52).
45
Let n(i) = 2*i**3 + 196*i**2 - 405*i - 583. Determine n(-100).
-83
Let f(o) = -5*o**2 - 8*o - 23. Give f(-4).
-71
Let x(q) = -q**3 - 93*q**2 - 5*q - 455. What is x(-93)?
10
Let v(n) = 92*n - 2012. Calculate v(21).
-80
Let z(p) = 5*p**3 + 275*p**2 - p - 59. Calculate z(-55).
-4
Let f(h) = 2*h**2 + 102*h + 379. What is f(-47)?
3
Let i(p) = -p**2 + 16*p - 16. What is i(15)?
-1
Let g(q) = -13*q + 963. Calculate g(70).
53
Let w(z) = -36*z - 1338. Calculate w(-37).
-6
Let g(j) = j**3 + 83*j**2 + 40*j + 3347. Give g(-83).
27
Let p(k) = -k**3 + 45*k**2 + 13*k - 505. Give p(45).
80
Let m(g) = -596*g**3 + 589*g**2 - 4*g + 6. Give m(1).
-5
Let m(s) = -12*s + 21. Determine m(0).
21
Let x(q) = q**2 - 36*q - 20. What is x(36)?
-20
Let r(u) = -u**3 - 14*u**2 - 38*u + 17. Determine r(-8).
-63
Let k(j) = -j**2 - 15*j + 9. What is k(-5)?
59
Let u(q) = q**3 + 17*q + 37. Give u(-2).
-5
Let h(r) = -r**3 + 2*r**2 + 50*r + 95. What is h(-6)?
83
Let v(i) = -5*i**2 - 17*i - 6. Give v(-3).
0
Let c(a) = a**2 + 6*a - 39. Calculate c(-10).
1
Let z(g) = g**2 - 20*g - 52. What is z(22)?
-8
Let l(d) = -2*d**3 + 18*d**2 + 19*d + 44. What is l(10)?
34
Let j(o) = 3*o**3 - 3*o**2 - 36*o - 19. Give j(5).
101
Let w(c) = 60*c + 955. Calculate w(-16).
-5
Let m(n) = -3*n**2 - 13*n + 7. Give m(-3).
19
Let d(m) = 4*m**3 + 90*m**2 + 58*m + 297. Give d(-22).
-11
Let f(t) = t**3 + 113*t**2 - 717*t - 316. Calculate f(-119).
41
Let t(m) = -5*m**2 + 35*m + 35. Determine t(10).
-115
Let r(l) = -1860*l + 9314. Determine r(5).
14
Let r(w) = 32*w - 701. Determine r(22).
3
Let r(d) = -d**2 - 16*d - 119. Give r(-5).
-64
Let k(m) = 33*m - 56. Calculate k(-2).
-122
Let z(j) = -10*j**3 - 6*j**2 - 2*j + 5. Calculate z(-2).
65
Let g(o) = o**3 - 45*o**2 + 76*o + 383. Give g(43).
-47
Let u(v) = v**2 + 5*v + 14. Give u(-7).
28
Let i(o) = -o**3 + 3*o**2 + 9*o + 15. Determine i(-4).
91
Let b(j) = 646*j + 4090. Determine b(-6).
214
Let i(r) = -r**3 - 10*r**2 + 10*r + 81. What is i(-10)?
-19
Let j(w) = 177*w - 1359. Calculate j(8).
57
Let f(n) = -154*n - 794. What is f(-5)?
-24
Let i(f) = f**2 + 37*f - 491. What is i(-47)?
-21
Let w(v) = -v**3 - 10*v - 70. Give w(-5).
105
Let m(u) = -22*u**3 + 111*u - 109. What is m(1)?
-20
Let n(u) = -21*u**2 + 442*u - 28. Give n(21).
-7
Let a(p) = -p**2 + 183*p - 8210. Determine a(104).
6
Let j(f) = 2*f**3 + 14*f**2 + 10*f + 1. What is j(-6)?
13
Let x(j) = -9*j**3 - 13*j**2 - 3*j + 1. Determine x(-1).
0
Let p(d) = -56*d - 4711. Determine p(-84).
-7
Let p(m) = m**2 - 4*m + 21. Give p(-11).
186
Let x(q) = q**3 - 7*q**2 - 16*q + 4. What is x(-3)?
-38
Let d(i) = 2*i**3 + 11*i**2 - 29*i - 4. Give d(-7).
52
Let d(b) = 832*b - 9160. What is d(11)?
-8
Let x(i) = -339*i + 43446. Calculate x(128).
54
Let r(s) = -s**3 + 34*s**2 - 207*s + 608. Determine r(27).
122
Let r(j) = 3*j**3 - 4*j**2 + 9*j + 78. Give r(-3).
-66
Let h(w) = -w**3 + 6*w**2 - 7*w + 7. Give h(6).
-35
Let p(w) = 25*w + 46. What is p(-2)?
-4
Let t(s) = -198*s + 2567. Give t(13).
-7
Let q(k) = -8*k + 300. What is q(39)?
-12
Let i(p) = 184*p - 6799. Determine i(37).
9
Let s(b) = 12*b**2 - 33*b - 334. Determine s(-7).
485
Let f(o) = 190*o - 1133. Calculate f(6).
7
Let l(r) = -4*r**3 + 10*r**2 + 7*r - 23. Calculate l(2).
-1
Let u(h) = 27*h - 59. Give u(4).
49
Let p(f) = -f**3 - 16*f**2 - 17*f - 14. Give p(-15).
16
Let k(m) = -575*m + 1094. Calculate k(2).
-56
Let y(z) = 6*z**3 + 9*z**2 + 19*z + 9. Calculate y(-1).
-7
Let x(b) = -b**3 - 5*b**2 + 236*b - 28. What is x(13)?
-2
Let l(s) = 4*s**3 + 55*s**2 - 4*s + 153. Give l(-14).
13
Let z(i) = -66*i + 1882. What is z(29)?
-32
Let z(h) = 8*h**2 - 2072*h + 6149. What is z(256)?
5
Let v(p) = -4*p**2 + 810*p + 813. Determine v(-1).
-1
Let j(n) = n**3 + 4*n**2 - 47*n - 17. Give j(-9).
1
Let p(k) = -2*k**3 + 24*k**2 - 23*k + 129. Determine p(12).
-147
Let x(u) = 23*u**2 - 473*u - 227. Calculate x(21).
-17
Let r(l) = -l**3 + 19*l**2 + 48*l - 38. Give r(21).
88
Let j(i) = 4499*i - 188957. Calculate j(42).
1
Let w(c) = c - 203. Calculate w(18).
-185
Let r(g) = 342*g - 19497. Give r(57).
-3
Let d(r) = 3*r**3 - 19*r**2 - 6*r + 40. What is d(6)?
-32
Let v(y) = -628*y + 4404. What is v(7)?
8
Let a(h) = 3*h**3 + 271*h**2 + 615*h - 94. Determine a(-88).
-6
Let j(d) = -4*d**3 + 39*d**2 + 4*d + 75. What is j(10)?
15
Let s(l) = 3*l**2 + 728*l + 1460. Determine s(-2).
16
Let c(g) = 2*g**3 - 150*g**2 + 278*g + 1032. Calculate c(73).
10
Let t(h) = -h**2 + 27*h + 517. Calculate t(34).
279
Let v(o) = -53*o - 2. Determine v(6).
-320
Let p(x) = 4*x**2 + 52*x + 278. Calculate p(-9).
134
Let m(g) = -16*g - 97. Determine m(-9).
47
Let v(g) = -g**3 + 45*g**2 - 100*g + 2455. Give v(44).
-9
Let i(b) = -b**2 + 14*b - 46. What is i(15)?
-61
Let c(n) = -4*n**3 + 20*n**2 - 24*n + 127. Give c(5).
7
Let u(g) = 7*g + 269. Determine u(-38).
3
Let a(j) = -j**2 + 108*j + 4. Determine a(0).
4
Let a(r) = 6*r**3 + 479*r**2 - 80*r - 19. Determine a(-80).
-19
Let x(c) = 2*c**3 + 40*c**2 - 2*c - 46. Calculate x(-20).
-6
Let g(u) = 18*u + 220. What is g(-13)?
-14
Let g(w) = -w**3 + 2*w**2 + 24*w - 8. Calculate g(7).
-85
Let s(f) = -61*f - 1505. Give s(-25).
